{"id":98,"date":"2014-07-18T18:11:39","date_gmt":"2014-07-18T17:11:39","guid":{"rendered":"http:\/\/gjimnazi-perla.edu.al\/?page_id=98"},"modified":"2019-04-03T20:03:24","modified_gmt":"2019-04-03T19:03:24","slug":"historiku","status":"publish","type":"page","link":"https:\/\/gjimnazi-perla.edu.al\/?page_id=98","title":{"rendered":"Historiku"},"content":{"rendered":"<p>Shkolla e Mesme e P\u00ebrgjithshme jopublike \u201e PERLA\u201c u li\u00e7ensua nga M.A.SH<\/p>\n<p><u>me URDHER Nr. 166, dt 18.05.2000.\u00a0 Nr. 2054 Prot.<\/u> N\u00eb zbatim t\u00eb Nenit 44 t\u00eb Ligjit Nr.70952, dt 21.06.1995, p\u00ebr sistemin arsimor parauniversitar. Administrator Pertit\u00a0 Golemaj. Drejtues didaktik \u00a0Luftar Runa.<\/p>\n<p><u>Ndryshuar me URDHER Nr. 175\/1,dat\u00eb 16\/06\/2005 Nr. 4087\/11Prot.\u00a0\u00a0 <\/u><\/p>\n<p><strong> M\u00eb shtator t\u00eb vitit 2000<\/strong> shiritin e p\u00ebrurimit e preu z. Bardhyl Golemi ish zv\/minist\u00ebr i Ministris\u00eb s\u00eb Arsimit dhe Shkenc\u00ebs, Akademik dhe Personalitet i shquar i arsimit dhe shkenc\u00ebs shqiptare, Nderi i Qarkut Vlor\u00eb.<\/p>\n<p><a href=\"http:\/\/gjimnazi-perla.edu.al\/wp-content\/uploads\/2019\/04\/foto.jpg\"><img loading=\"lazy\" decoding=\"async\" class=\"aligncenter size-medium wp-image-1327\" src=\"http:\/\/gjimnazi-perla.edu.al\/wp-content\/uploads\/2019\/04\/foto-225x300.jpg\" alt=\"\" width=\"225\" height=\"300\" srcset=\"https:\/\/gjimnazi-perla.edu.al\/wp-content\/uploads\/2019\/04\/foto-225x300.jpg 225w, https:\/\/gjimnazi-perla.edu.al\/wp-content\/uploads\/2019\/04\/foto-768x1024.jpg 768w\" sizes=\"auto, (max-width: 225px) 100vw, 225px\" \/><\/a><\/p>\n<p>Bardhyl Golemi<u>\u00a0\u00a0 <\/u>Akademik dhe Personalitet i shquar i arsimit dhe shkenc\u00ebs shqiptare.<\/p>\n<p><strong>\u00a0\u00a0\u00a0\u00a0\u00a0\u00a0\u00a0\u00a0\u00a0\u00a0\u00a0\u00a0\u00a0\u00a0\u00a0<\/strong>N\u00eb fjal\u00ebn e tij p\u00ebrsh\u00ebndet\u00ebse u shpreh<u> \u2013 Le t\u00eb nis sot udh\u00ebtimin e saj kjo shkoll\u00eb si nj\u00eb perl\u00eb n\u00eb qytetin ton\u00eb, ju uroj SUKSESE! nx\u00ebn\u00ebsve q\u00eb ulen p\u00ebr her\u00eb t\u00eb par\u00eb sot n\u00eb bangat e k\u00ebsaj shkolle me nj\u00eb d\u00ebshir\u00eb t\u00eb\u00a0 zjart\u00eb p\u00ebr t\u00eb studjuar e arsimuar. SUKSESE stafit pedagogjik n\u00eb misionin e bukur por dhe t\u00eb v\u00ebshtir\u00eb n\u00eb edukimin e f\u00ebmij\u00ebve vlonjat. <\/u><\/p>\n","protected":false},"excerpt":{"rendered":"<p>Shkolla e Mesme e P\u00ebrgjithshme jopublike \u201e PERLA\u201c u li\u00e7ensua nga M.A.SH me URDHER Nr. 166, dt 18.05.2000.\u00a0 Nr. 2054 Prot. N\u00eb zbatim t\u00eb Nenit 44 t\u00eb Ligjit Nr.70952, dt 21.06.1995, p\u00ebr sistemin arsimor parauniversitar. Administrator Pertit\u00a0 Golemaj. Drejtues didaktik \u00a0Luftar Runa. Ndryshuar me URDHER Nr. 175\/1,dat\u00eb 16\/06\/2005 Nr. 4087\/11Prot.\u00a0\u00a0 M\u00eb shtator t\u00eb vitit 2000 [&hellip;]<\/p>\n","protected":false},"author":1,"featured_media":0,"parent":0,"menu_order":0,"comment_status":"open","ping_status":"open","template":"","meta":{"footnotes":""},"class_list":["post-98","page","type-page","status-publish","hentry"],"_links":{"self":[{"href":"https:\/\/gjimnazi-perla.edu.al\/index.php?rest_route=\/wp\/v2\/pages\/98","targetHints":{"allow":["GET"]}}],"collection":[{"href":"https:\/\/gjimnazi-perla.edu.al\/index.php?rest_route=\/wp\/v2\/pages"}],"about":[{"href":"https:\/\/gjimnazi-perla.edu.al\/index.php?rest_route=\/wp\/v2\/types\/page"}],"author":[{"embeddable":true,"href":"https:\/\/gjimnazi-perla.edu.al\/index.php?rest_route=\/wp\/v2\/users\/1"}],"replies":[{"embeddable":true,"href":"https:\/\/gjimnazi-perla.edu.al\/index.php?rest_route=%2Fwp%2Fv2%2Fcomments&post=98"}],"version-history":[{"count":7,"href":"https:\/\/gjimnazi-perla.edu.al\/index.php?rest_route=\/wp\/v2\/pages\/98\/revisions"}],"predecessor-version":[{"id":1332,"href":"https:\/\/gjimnazi-perla.edu.al\/index.php?rest_route=\/wp\/v2\/pages\/98\/revisions\/1332"}],"wp:attachment":[{"href":"https:\/\/gjimnazi-perla.edu.al\/index.php?rest_route=%2Fwp%2Fv2%2Fmedia&parent=98"}],"curies":[{"name":"wp","href":"https:\/\/api.w.org\/{rel}","templated":true}]}}