{"id":116,"date":"2014-07-19T09:34:28","date_gmt":"2014-07-19T08:34:28","guid":{"rendered":"http:\/\/gjimnazi-perla.edu.al\/?page_id=116"},"modified":"2019-04-02T22:04:11","modified_gmt":"2019-04-02T21:04:11","slug":"udhezime","status":"publish","type":"page","link":"https:\/\/gjimnazi-perla.edu.al\/?page_id=116","title":{"rendered":"Udhezime"},"content":{"rendered":"<p><strong><a href=\"http:\/\/gjimnazi-perla.edu.al\/?p=619\">Kendi i Matures Shteterore 2018-2019<\/a><\/strong><\/p>\n<p><a href=\"http:\/\/qsha.gov.al\/infos\/matura_2019\/kalendar_aplikimi.pdf\" target=\"_blank\" rel=\"noopener\">&#8211; Kalendari i aplikimeve me formularin A1\/A1Z<\/a><\/p>\n<div id=\"leftContent\">\n<div class=\"page newsDetailsContainer\">\n<div class=\"detailsNewsContainer\">\n<div class=\"pageDescription\">\n<div>\n<p><a href=\"http:\/\/qsha.gov.al\/infos\/matura_2019\/Formulari-A1.pdf\" target=\"_blank\" rel=\"noopener\">&#8211; Formulari A1<\/a><br \/>\n<a href=\"http:\/\/qsha.gov.al\/infos\/matura_2019\/Udhezuesi-A1.pdf\" target=\"_blank\" rel=\"noopener\">&#8211; Udh\u00ebzues p\u00ebr plot\u00ebsimin e Formularit A1<\/a><br \/>\n<a href=\"http:\/\/qsha.gov.al\/infos\/matura_2019\/formulari-A1Z.pdf\" target=\"_blank\" rel=\"noopener\">&#8211; Formulari A1Z<\/a><br \/>\n<a href=\"http:\/\/qsha.gov.al\/infos\/matura_2019\/udhezuesi-A1Z.pdf\" target=\"_blank\" rel=\"noopener\">&#8211; Udh\u00ebzues p\u00ebr plot\u00ebsimin e Formularit A1Z<\/a><br \/>\n<a href=\"http:\/\/qsha.gov.al\/infos\/matura_2019\/udhezim_n3.pdf\" target=\"_blank\" rel=\"noopener\">&#8211; Udh\u00ebzim nr.3 dat\u00eb 14.2.2018 &#8220;P\u00ebr provimet e MSH 2019&#8221;<\/a><br \/>\n<a href=\"http:\/\/qsha.gov.al\/infos\/matura_2019\/udhezim_profesional_nr40.pdf\" target=\"_blank\" rel=\"noopener\">&#8211; Udh\u00ebzim nr.40, dat\u00eb 26.12.2018 P\u00ebr organizimin dhe zhvillimin e provimeve t\u00eb MSH Profesionale 2019<\/a><br \/>\n<a href=\"http:\/\/qsha.gov.al\/infos\/matura_2019\/udhezim_profesional_nr38.pdf\" target=\"_blank\" rel=\"noopener\">&#8211; Udh\u00ebzim nr.38, dat\u00eb 26.12.2018 P\u00ebr datat dhe organizimin e provimeve t\u00eb MSH 2019<\/a><br \/>\n<a href=\"http:\/\/qsha.gov.al\/infos\/matura_2019\/udhezim_nr35.pdf\" target=\"_blank\" rel=\"noopener\">&#8211; Udh\u00ebzim nr.35, dat\u00eb 22.11.2018 P\u00ebr nj\u00eb shtes\u00eb n\u00eb udh\u00ebzimin nr.3, dat\u00eb 14.02.2018 &#8220;P\u00ebr organizimin dhe zhvillimin e provimeve t\u00eb MSH 2019&#8221;<\/a><br \/>\n<a href=\"http:\/\/qsha.gov.al\/infos\/matura_2019\/urdher_program_gjuhet_huaja.pdf\" target=\"_blank\" rel=\"noopener\">&#8211; Urdh\u00ebr nr.799, dat\u00eb 06.12.2018 P\u00ebr miratimin e programeve orientuese t\u00eb MSH 2019 p\u00ebr shkollat e gjuh\u00ebve t\u00eb huaja<\/a><br \/>\n<a href=\"http:\/\/qsha.gov.al\/infos\/matura_2019\/urdher_program_profesionale.pdf\" target=\"_blank\" rel=\"noopener\">&#8211; Urdh\u00ebr nr.798, dat\u00eb 06.12.2018 P\u00ebr miratimin e programeve orientuese t\u00eb MSH 2019 p\u00ebr shkollat profesionale<\/a><br \/>\n<a href=\"http:\/\/qsha.gov.al\/infos\/matura_2019\/urdher_program_art_sport.pdf\" target=\"_blank\" rel=\"noopener\">&#8211; Urdh\u00ebr nr.797, dat\u00eb 06.12.2018 P\u00ebr miratimin e programeve orientuese t\u00eb MSH 2019 p\u00ebr shkollat artistike dhe sportive<\/a><\/p>\n<\/div>\n<\/div>\n<\/div>\n<\/div>\n<\/div>\n","protected":false},"excerpt":{"rendered":"<p>Kendi i Matures Shteterore 2018-2019 &#8211; Kalendari i aplikimeve me formularin A1\/A1Z &#8211; Formulari A1 &#8211; Udh\u00ebzues p\u00ebr plot\u00ebsimin e Formularit A1 &#8211; Formulari A1Z &#8211; Udh\u00ebzues p\u00ebr plot\u00ebsimin e Formularit A1Z &#8211; Udh\u00ebzim nr.3 dat\u00eb 14.2.2018 &#8220;P\u00ebr provimet e MSH 2019&#8221; &#8211; Udh\u00ebzim nr.40, dat\u00eb 26.12.2018 P\u00ebr organizimin dhe zhvillimin e provimeve t\u00eb MSH [&hellip;]<\/p>\n","protected":false},"author":1,"featured_media":0,"parent":14,"menu_order":0,"comment_status":"open","ping_status":"open","template":"","meta":{"footnotes":""},"class_list":["post-116","page","type-page","status-publish","hentry"],"_links":{"self":[{"href":"https:\/\/gjimnazi-perla.edu.al\/index.php?rest_route=\/wp\/v2\/pages\/116","targetHints":{"allow":["GET"]}}],"collection":[{"href":"https:\/\/gjimnazi-perla.edu.al\/index.php?rest_route=\/wp\/v2\/pages"}],"about":[{"href":"https:\/\/gjimnazi-perla.edu.al\/index.php?rest_route=\/wp\/v2\/types\/page"}],"author":[{"embeddable":true,"href":"https:\/\/gjimnazi-perla.edu.al\/index.php?rest_route=\/wp\/v2\/users\/1"}],"replies":[{"embeddable":true,"href":"https:\/\/gjimnazi-perla.edu.al\/index.php?rest_route=%2Fwp%2Fv2%2Fcomments&post=116"}],"version-history":[{"count":9,"href":"https:\/\/gjimnazi-perla.edu.al\/index.php?rest_route=\/wp\/v2\/pages\/116\/revisions"}],"predecessor-version":[{"id":1290,"href":"https:\/\/gjimnazi-perla.edu.al\/index.php?rest_route=\/wp\/v2\/pages\/116\/revisions\/1290"}],"up":[{"embeddable":true,"href":"https:\/\/gjimnazi-perla.edu.al\/index.php?rest_route=\/wp\/v2\/pages\/14"}],"wp:attachment":[{"href":"https:\/\/gjimnazi-perla.edu.al\/index.php?rest_route=%2Fwp%2Fv2%2Fmedia&parent=116"}],"curies":[{"name":"wp","href":"https:\/\/api.w.org\/{rel}","templated":true}]}}