{"id":1133,"date":"2019-04-02T09:04:23","date_gmt":"2019-04-02T08:04:23","guid":{"rendered":"http:\/\/gjimnazi-perla.edu.al\/?page_id=1133"},"modified":"2019-04-02T09:04:23","modified_gmt":"2019-04-02T08:04:23","slug":"alumni","status":"publish","type":"page","link":"http:\/\/gjimnazi-perla.edu.al\/?page_id=1133","title":{"rendered":"Alumni"},"content":{"rendered":"<p><strong>ALUMNI&nbsp;&nbsp; MATURA 2008<\/strong><\/p>\n<p>Ver\u00ebn e vitit 2018 u zhvillua n\u00eb ambjentet e shkoll\u00ebs 10 vjetori i Matur\u00ebs 2008.  <br \/>Ky takim u organizua nga vet\u00eb ishmaturant\u00ebt e atij viti n\u00eb bashk\u00ebpunim me drejtuesit e shkoll\u00ebs.   <br \/>N\u00eb k\u00ebt\u00eb 10 vjetor ishnx\u00ebn\u00ebsit e matur\u00ebs ( s\u00eb XII \u2013A, XII-B, XII-C dhe XII-D) u ritakuan me njeri tjetrin dhe me ishm\u00ebsuesit kujdestar\u00eb pas nj\u00eb kohe t\u00eb gjat\u00eb&nbsp; t\u00eb p\u00ebrmalluar pasi jan\u00eb shp\u00ebrndar\u00eb n\u00eb mbar\u00eb bot\u00ebn: Gjermani, Angli, Holland\u00eb, U.S.A, Itali, Kanada etj   <br \/>S\u00eb bashku me stafin drejtues festuan nj\u00eb mbr\u00ebmje t\u00eb k\u00ebndshme duke sjell\u00eb n\u00eb kujtes\u00ebn e tyre kujtimet m\u00eb t\u00eb bukura t\u00eb shkoll\u00ebs s\u00eb mesme. <\/p>\n<p>.<\/p>\n<ul class=\"wp-block-gallery columns-3 is-cropped wp-block-gallery-1 is-layout-flex wp-block-gallery-is-layout-flex\">\n<li class=\"blocks-gallery-item\">\n<figure><img loading=\"lazy\" decoding=\"async\" width=\"1024\" height=\"576\" src=\"http:\/\/gjimnazi-perla.edu.al\/wp-content\/uploads\/2019\/04\/DSC08703-1024x576.jpg\" alt=\"\" data-id=\"1137\" data-link=\"http:\/\/gjimnazi-perla.edu.al\/?attachment_id=1137\" class=\"wp-image-1137\" srcset=\"http:\/\/gjimnazi-perla.edu.al\/wp-content\/uploads\/2019\/04\/DSC08703-1024x576.jpg 1024w, http:\/\/gjimnazi-perla.edu.al\/wp-content\/uploads\/2019\/04\/DSC08703-300x169.jpg 300w, http:\/\/gjimnazi-perla.edu.al\/wp-content\/uploads\/2019\/04\/DSC08703-768x432.jpg 768w\" sizes=\"auto, (max-width: 1024px) 100vw, 1024px\" \/><\/figure>\n<\/li>\n<li class=\"blocks-gallery-item\">\n<figure><img loading=\"lazy\" decoding=\"async\" width=\"1024\" height=\"576\" src=\"http:\/\/gjimnazi-perla.edu.al\/wp-content\/uploads\/2019\/04\/DSC08716-1024x576.jpg\" alt=\"\" data-id=\"1141\" data-link=\"http:\/\/gjimnazi-perla.edu.al\/?attachment_id=1141\" class=\"wp-image-1141\" srcset=\"http:\/\/gjimnazi-perla.edu.al\/wp-content\/uploads\/2019\/04\/DSC08716-1024x576.jpg 1024w, http:\/\/gjimnazi-perla.edu.al\/wp-content\/uploads\/2019\/04\/DSC08716-300x169.jpg 300w, http:\/\/gjimnazi-perla.edu.al\/wp-content\/uploads\/2019\/04\/DSC08716-768x432.jpg 768w\" sizes=\"auto, (max-width: 1024px) 100vw, 1024px\" \/><\/figure>\n<\/li>\n<li class=\"blocks-gallery-item\">\n<figure><img loading=\"lazy\" decoding=\"async\" width=\"1024\" height=\"576\" src=\"http:\/\/gjimnazi-perla.edu.al\/wp-content\/uploads\/2019\/04\/DSC08733-1024x576.jpg\" alt=\"\" data-id=\"1143\" data-link=\"http:\/\/gjimnazi-perla.edu.al\/?attachment_id=1143\" class=\"wp-image-1143\" srcset=\"http:\/\/gjimnazi-perla.edu.al\/wp-content\/uploads\/2019\/04\/DSC08733-1024x576.jpg 1024w, http:\/\/gjimnazi-perla.edu.al\/wp-content\/uploads\/2019\/04\/DSC08733-300x169.jpg 300w, http:\/\/gjimnazi-perla.edu.al\/wp-content\/uploads\/2019\/04\/DSC08733-768x432.jpg 768w\" sizes=\"auto, (max-width: 1024px) 100vw, 1024px\" \/><\/figure>\n<\/li>\n<li class=\"blocks-gallery-item\">\n<figure><img loading=\"lazy\" decoding=\"async\" width=\"1024\" height=\"576\" src=\"http:\/\/gjimnazi-perla.edu.al\/wp-content\/uploads\/2019\/04\/DSC08722-1024x576.jpg\" alt=\"\" data-id=\"1142\" data-link=\"http:\/\/gjimnazi-perla.edu.al\/?attachment_id=1142\" class=\"wp-image-1142\" srcset=\"http:\/\/gjimnazi-perla.edu.al\/wp-content\/uploads\/2019\/04\/DSC08722-1024x576.jpg 1024w, http:\/\/gjimnazi-perla.edu.al\/wp-content\/uploads\/2019\/04\/DSC08722-300x169.jpg 300w, http:\/\/gjimnazi-perla.edu.al\/wp-content\/uploads\/2019\/04\/DSC08722-768x432.jpg 768w\" sizes=\"auto, (max-width: 1024px) 100vw, 1024px\" \/><\/figure>\n<\/li>\n<li class=\"blocks-gallery-item\">\n<figure><img loading=\"lazy\" decoding=\"async\" width=\"1024\" height=\"576\" src=\"http:\/\/gjimnazi-perla.edu.al\/wp-content\/uploads\/2019\/04\/DSC08707-1024x576.jpg\" alt=\"\" data-id=\"1140\" data-link=\"http:\/\/gjimnazi-perla.edu.al\/?attachment_id=1140\" class=\"wp-image-1140\" srcset=\"http:\/\/gjimnazi-perla.edu.al\/wp-content\/uploads\/2019\/04\/DSC08707-1024x576.jpg 1024w, http:\/\/gjimnazi-perla.edu.al\/wp-content\/uploads\/2019\/04\/DSC08707-300x169.jpg 300w, http:\/\/gjimnazi-perla.edu.al\/wp-content\/uploads\/2019\/04\/DSC08707-768x432.jpg 768w\" sizes=\"auto, (max-width: 1024px) 100vw, 1024px\" \/><\/figure>\n<\/li>\n<li class=\"blocks-gallery-item\">\n<figure><img loading=\"lazy\" decoding=\"async\" width=\"1024\" height=\"576\" src=\"http:\/\/gjimnazi-perla.edu.al\/wp-content\/uploads\/2019\/04\/DSC08706-1024x576.jpg\" alt=\"\" data-id=\"1139\" data-link=\"http:\/\/gjimnazi-perla.edu.al\/?attachment_id=1139\" class=\"wp-image-1139\" srcset=\"http:\/\/gjimnazi-perla.edu.al\/wp-content\/uploads\/2019\/04\/DSC08706-1024x576.jpg 1024w, http:\/\/gjimnazi-perla.edu.al\/wp-content\/uploads\/2019\/04\/DSC08706-300x169.jpg 300w, http:\/\/gjimnazi-perla.edu.al\/wp-content\/uploads\/2019\/04\/DSC08706-768x432.jpg 768w\" sizes=\"auto, (max-width: 1024px) 100vw, 1024px\" \/><\/figure>\n<\/li>\n<li class=\"blocks-gallery-item\">\n<figure><img loading=\"lazy\" decoding=\"async\" width=\"1024\" height=\"576\" src=\"http:\/\/gjimnazi-perla.edu.al\/wp-content\/uploads\/2019\/04\/DSC08705-1024x576.jpg\" alt=\"\" data-id=\"1138\" data-link=\"http:\/\/gjimnazi-perla.edu.al\/?attachment_id=1138\" class=\"wp-image-1138\" srcset=\"http:\/\/gjimnazi-perla.edu.al\/wp-content\/uploads\/2019\/04\/DSC08705-1024x576.jpg 1024w, http:\/\/gjimnazi-perla.edu.al\/wp-content\/uploads\/2019\/04\/DSC08705-300x169.jpg 300w, http:\/\/gjimnazi-perla.edu.al\/wp-content\/uploads\/2019\/04\/DSC08705-768x432.jpg 768w\" sizes=\"auto, (max-width: 1024px) 100vw, 1024px\" \/><\/figure>\n<\/li>\n<li class=\"blocks-gallery-item\">\n<figure><img loading=\"lazy\" decoding=\"async\" width=\"1024\" height=\"576\" src=\"http:\/\/gjimnazi-perla.edu.al\/wp-content\/uploads\/2019\/04\/DSC08700-1024x576.jpg\" alt=\"\" data-id=\"1136\" data-link=\"http:\/\/gjimnazi-perla.edu.al\/?attachment_id=1136\" class=\"wp-image-1136\" srcset=\"http:\/\/gjimnazi-perla.edu.al\/wp-content\/uploads\/2019\/04\/DSC08700-1024x576.jpg 1024w, http:\/\/gjimnazi-perla.edu.al\/wp-content\/uploads\/2019\/04\/DSC08700-300x169.jpg 300w, http:\/\/gjimnazi-perla.edu.al\/wp-content\/uploads\/2019\/04\/DSC08700-768x432.jpg 768w\" sizes=\"auto, (max-width: 1024px) 100vw, 1024px\" \/><\/figure>\n<\/li>\n<\/ul>\n","protected":false},"excerpt":{"rendered":"<p>ALUMNI&nbsp;&nbsp; MATURA 2008 Ver\u00ebn e vitit 2018 u zhvillua n\u00eb ambjentet e shkoll\u00ebs 10 vjetori i Matur\u00ebs 2008. Ky takim u organizua nga vet\u00eb ishmaturant\u00ebt e atij viti n\u00eb bashk\u00ebpunim me drejtuesit e shkoll\u00ebs. N\u00eb k\u00ebt\u00eb 10 vjetor ishnx\u00ebn\u00ebsit e matur\u00ebs ( s\u00eb XII \u2013A, XII-B, XII-C dhe XII-D) u ritakuan me njeri tjetrin dhe [&hellip;]<\/p>\n","protected":false},"author":1,"featured_media":0,"parent":0,"menu_order":0,"comment_status":"closed","ping_status":"closed","template":"","meta":{"footnotes":""},"class_list":["post-1133","page","type-page","status-publish","hentry"],"_links":{"self":[{"href":"http:\/\/gjimnazi-perla.edu.al\/index.php?rest_route=\/wp\/v2\/pages\/1133","targetHints":{"allow":["GET"]}}],"collection":[{"href":"http:\/\/gjimnazi-perla.edu.al\/index.php?rest_route=\/wp\/v2\/pages"}],"about":[{"href":"http:\/\/gjimnazi-perla.edu.al\/index.php?rest_route=\/wp\/v2\/types\/page"}],"author":[{"embeddable":true,"href":"http:\/\/gjimnazi-perla.edu.al\/index.php?rest_route=\/wp\/v2\/users\/1"}],"replies":[{"embeddable":true,"href":"http:\/\/gjimnazi-perla.edu.al\/index.php?rest_route=%2Fwp%2Fv2%2Fcomments&post=1133"}],"version-history":[{"count":1,"href":"http:\/\/gjimnazi-perla.edu.al\/index.php?rest_route=\/wp\/v2\/pages\/1133\/revisions"}],"predecessor-version":[{"id":1144,"href":"http:\/\/gjimnazi-perla.edu.al\/index.php?rest_route=\/wp\/v2\/pages\/1133\/revisions\/1144"}],"wp:attachment":[{"href":"http:\/\/gjimnazi-perla.edu.al\/index.php?rest_route=%2Fwp%2Fv2%2Fmedia&parent=1133"}],"curies":[{"name":"wp","href":"https:\/\/api.w.org\/{rel}","templated":true}]}}