{"id":1128,"date":"2019-04-02T08:50:26","date_gmt":"2019-04-02T07:50:26","guid":{"rendered":"http:\/\/gjimnazi-perla.edu.al\/?page_id=1128"},"modified":"2019-04-02T08:50:27","modified_gmt":"2019-04-02T07:50:27","slug":"himni","status":"publish","type":"page","link":"http:\/\/gjimnazi-perla.edu.al\/?page_id=1128","title":{"rendered":"Himni"},"content":{"rendered":"<p style=\"background-color:#d1fef7;text-align:center\" class=\"has-background has-medium-font-size\"><strong>HIMNI&nbsp; I SHKOLL\u00cbS \u201cPERLA\u201d<\/strong><\/p>\n<p style=\"text-align:center\" class=\"has-text-color has-vivid-cyan-blue-color\">Bukuria,bukuria,<\/p>\n<p style=\"text-align:center\" class=\"has-text-color has-vivid-cyan-blue-color\">Perla<br \/>\njon\u00eb,shpirti yn\u00eb,<\/p>\n<p style=\"text-align:center\" class=\"has-text-color has-vivid-cyan-blue-color\">Bukuria<br \/>\n\u00ebsht\u00eb te dija,<\/p>\n<p style=\"text-align:center\" class=\"has-text-color has-vivid-cyan-blue-color\">Do<br \/>\nta b\u00ebjm\u00eb Shqip\u00ebrin\u00eb<\/p>\n<p style=\"text-align:center\" class=\"has-text-color has-vivid-cyan-blue-color\">Eja-eja,Eja-eja<\/p>\n<p style=\"text-align:center\" class=\"has-text-color has-vivid-cyan-blue-color\">Mal<br \/>\nme dije, Det me perla.<\/p>\n<p style=\"text-align:center\" class=\"has-text-color has-vivid-cyan-blue-color\">Perla-perla<br \/>\nbukuria<\/p>\n<p style=\"text-align:center\" class=\"has-text-color has-vivid-cyan-blue-color\">Kadareja-frym\u00ebzim,<\/p>\n<p style=\"text-align:center\" class=\"has-text-color has-vivid-cyan-blue-color\">Rexhep<br \/>\nQosja nga Kosova,<\/p>\n<p style=\"text-align:center\" class=\"has-text-color has-vivid-cyan-blue-color\">Mjed<br \/>\ne Drit\u00ebro ,Naim.<\/p>\n<p style=\"text-align:center\" class=\"has-text-color has-vivid-cyan-blue-color\">Eja-eja,Eja-eja<\/p>\n<p style=\"text-align:center\" class=\"has-text-color has-vivid-cyan-blue-color\">Mal me dije, Det me perla<\/p>\n<p style=\"text-align:center\" class=\"has-text-color has-vivid-cyan-blue-color\">Bukuria,<br \/>\npasuria,<\/p>\n<p style=\"text-align:center\" class=\"has-text-color has-vivid-cyan-blue-color\">Perla<br \/>\njon\u00eb, m\u00ebsuesi yn\u00eb;<\/p>\n<p style=\"text-align:center\" class=\"has-text-color has-vivid-cyan-blue-color\">Pasuria<br \/>\n\u00ebsht\u00eb tek dija,<\/p>\n<p style=\"text-align:center\" class=\"has-text-color has-vivid-cyan-blue-color\">Do<br \/>\nta b\u00ebjm\u00eb Shqip\u00ebrin\u00eb<\/p>\n<p style=\"text-align:center\" class=\"has-text-color has-vivid-cyan-blue-color\">Eja-eja,Eja-eja<\/p>\n<p style=\"text-align:center\" class=\"has-text-color has-vivid-cyan-blue-color\">Mal<br \/>\nme dije, Det me perla\u2026\u2026\u2026.<\/p>\n<p style=\"text-align:right\"><strong>Krijuar nga&nbsp; nx\u00ebn\u00ebsja Sirius Beqaraj<\/strong><\/p>\n<p style=\"text-align:right\"><em>&nbsp; MARS 2003<\/em><\/p>\n","protected":false},"excerpt":{"rendered":"<p>HIMNI&nbsp; I SHKOLL\u00cbS \u201cPERLA\u201d Bukuria,bukuria, Perla jon\u00eb,shpirti yn\u00eb, Bukuria \u00ebsht\u00eb te dija, Do ta b\u00ebjm\u00eb Shqip\u00ebrin\u00eb Eja-eja,Eja-eja Mal me dije, Det me perla. Perla-perla bukuria Kadareja-frym\u00ebzim, Rexhep Qosja nga Kosova, Mjed e Drit\u00ebro ,Naim. Eja-eja,Eja-eja Mal me dije, Det me perla Bukuria, pasuria, Perla jon\u00eb, m\u00ebsuesi yn\u00eb; Pasuria \u00ebsht\u00eb tek dija, Do ta b\u00ebjm\u00eb Shqip\u00ebrin\u00eb [&hellip;]<\/p>\n","protected":false},"author":1,"featured_media":0,"parent":0,"menu_order":0,"comment_status":"closed","ping_status":"closed","template":"","meta":{"footnotes":""},"class_list":["post-1128","page","type-page","status-publish","hentry"],"_links":{"self":[{"href":"http:\/\/gjimnazi-perla.edu.al\/index.php?rest_route=\/wp\/v2\/pages\/1128","targetHints":{"allow":["GET"]}}],"collection":[{"href":"http:\/\/gjimnazi-perla.edu.al\/index.php?rest_route=\/wp\/v2\/pages"}],"about":[{"href":"http:\/\/gjimnazi-perla.edu.al\/index.php?rest_route=\/wp\/v2\/types\/page"}],"author":[{"embeddable":true,"href":"http:\/\/gjimnazi-perla.edu.al\/index.php?rest_route=\/wp\/v2\/users\/1"}],"replies":[{"embeddable":true,"href":"http:\/\/gjimnazi-perla.edu.al\/index.php?rest_route=%2Fwp%2Fv2%2Fcomments&post=1128"}],"version-history":[{"count":2,"href":"http:\/\/gjimnazi-perla.edu.al\/index.php?rest_route=\/wp\/v2\/pages\/1128\/revisions"}],"predecessor-version":[{"id":1130,"href":"http:\/\/gjimnazi-perla.edu.al\/index.php?rest_route=\/wp\/v2\/pages\/1128\/revisions\/1130"}],"wp:attachment":[{"href":"http:\/\/gjimnazi-perla.edu.al\/index.php?rest_route=%2Fwp%2Fv2%2Fmedia&parent=1128"}],"curies":[{"name":"wp","href":"https:\/\/api.w.org\/{rel}","templated":true}]}}